posite number?
True
Let x = -25128 - -68165. Is x prime?
True
Let c(w) = -20*w + 6493. Let t(u) = 19*u - 6495. Let z(j) = 4*c(j) + 3*t(j). Is z(0) prime?
False
Suppose 0 = -2*s - 5*s - 84. Let d be (-1 - -2)/(s/(-216)). Is (-29218)/(-12) + 3/d composite?
True
Suppose -6 - 36 = -2*g. Let w(i) = i + 9*i**2 + 54 + 58 + 60 - 219. Is w(g) prime?
True
Let j(g) = -g**2 + g. Let n(y) = 6 - 3 - 2*y**2 + 10*y**2 + 14*y + 2. Let z(f) = 5*j(f) + n(f). Is z(-9) composite?
True
Suppose -178390 = 14*t - 16*t - f, -89193 = -t - f. Is t a composite number?
True
Let f(w) = 100*w - 92. Let y(r) = 50*r - 45. Let h(v) = -4*f(v) + 7*y(v). Is h(-19) composite?
True
Suppose 0 = -8*g - 44163 + 9899. Let i = g - -6640. Is i prime?
True
Suppose 7*n = 8*d + 12*n - 181937, 0 = d - 4*n - 22719. Is d composite?
False
Let n(q) = 9432*q**3 - 5*q**2 - 296*q + 2058. Is n(7) a prime number?
False
Is -9 - 204/(-20) - (-455918)/10 a composite number?
True
Let o(k) = -k**2 - 3*k - 3003. Let h be o(0). Let g = h - -1290. Let d = -1004 - g. Is d a composite number?
False
Let j = 518 - 514. Suppose -3*b + j*b = 3371. Is b prime?
True
Let j = 19237 - 4148. Is j a composite number?
True
Suppose -v = -5*j - 0*v - 62421, -5*j - 62417 = -2*v. Let f = j + 22972. Is f a composite number?
False
Suppose 0 = 4*s - 18 - 2154. Let v(n) = -n - 16. Let u be v(-21). Suppose 0 = -u*w + 392 + s. Is w a prime number?
False
Let k be -2*6/(-12)*4/2. Suppose -k*s + 5334 = -2*y, 12092 - 4075 = 3*s + 5*y. Is s a prime number?
False
Suppose -3*p + 3*n = -603471, -10*n = -4*p - 7*n + 804634. Is p composite?
False
Suppose 0 = -14*b + 19*b - 4*t - 320258, -15 = -5*t. Is b a composite number?
True
Let u = 15414 + -9205. Is u a prime number?
False
Suppose -7915 = 2*u - 401. Let k = u - -10716. Is k a composite number?
False
Is (24/252*21)/(2/191657) composite?
False
Suppose -50 = 5*w + 5*p, 4*w = -0*p - 2*p - 38. Let u be (35/21)/((-3)/w). Suppose u*r + 2168 = 4*m - 2416, -3*m = -5*r - 3433. Is m a prime number?
True
Let n(d) = 5303*d - 10177. Is n(30) a composite number?
False
Let p = -39482 + 43428. Is p a prime number?
False
Suppose -8020349 = -75*b + 3379126. Is b composite?
True
Let t(r) = 12*r**3 - 33*r**2 - 19*r - 189. Is t(15) composite?
True
Is -11 + -13 + 10 - -24 composite?
True
Let n = 872131 + -338354. Is n composite?
False
Let l(m) = -19903*m + 16. Suppose 31*z - 22*z = -9. Is l(z) a composite number?
False
Suppose -14*c + 29*c = -10155. Let y = c + 20804. Is y a prime number?
False
Let n be -13 + 18 + -4*1. Let x(m) = 10005*m**3 + m**2 + m. Is x(n) composite?
False
Let k be -1*(60/9 - 2/(-6)). Let x(u) = -20*u**3 - 12*u**2 - 29*u - 8. Is x(k) prime?
False
Let k(p) = -306*p**2 + 13. Let d(g) = 2*g**2 + g. Let q(f) = 2*d(f) - k(f). Is q(-3) composite?
True
Suppose -1661*y + 3568496 = -1645*y. Is y a prime number?
False
Suppose 5*a - 8*p - 8791 = -12*p, -2*a - 4*p = -3526. Let o = a + -1036. Is o a prime number?
True
Let b = -139 + 133. Is 13088 + 5*(-3)/18*b composite?
False
Suppose 4*q = -a - 5, 2*a - 3*q - 10 = 2. Suppose 2*u + 395 = 5*b, -202 = u - 4*b + a*b. Let r = u - -468. Is r prime?
True
Let u(i) be the second derivative of 2/3*i**4 + 31/6*i**3 - 1/20*i**5 - 16*i + 3/2*i**2 + 0. Is u(9) prime?
False
Let h(v) = -982*v - 575. Is h(-61) composite?
True
Let j = 60 + -6. Suppose -6 + j = -4*l + 4*h, -5*l - 4*h - 87 = 0. Let f = l - -52. Is f prime?
True
Let h = 80709 + -36808. Suppose 3*v - 14*v + h = 0. Is v a composite number?
True
Let y(s) = 728*s**2 + 70*s - 983. Is y(13) a composite number?
True
Suppose -183330 + 11794 = -3*d - 2*m, -3*m = -3*d + 171531. Suppose -30*o = -8*o - d. Is o a composite number?
True
Suppose -29*q + 10*q + 87913 = 0. Let l = 9174 - q. Is l composite?
False
Let x = 100172 + 1055. Is x a composite number?
True
Let o(q) = 3719*q**2 - 306. Is o(11) prime?
True
Let l(m) = 2958*m - 992. Is l(23) prime?
False
Suppose 89*n + 51*n = 1219820. Is n composite?
False
Suppose -4*x + 867 + 625 = 0. Let n = -20 + -192. Let f = x + n. Is f a composite number?
True
Suppose 2*f - 4387 + 1821 = -2*h, -2*h - 1271 = -f. Is f prime?
True
Is 9/(-18)*((-6)/(-21) + 3000792/(-14)) a composite number?
False
Let d(b) = 5*b**3 - 3*b**2 - 45*b - 31. Let x(l) = 4*l**3 - 2*l**2 - 44*l - 33. Let z(j) = 3*d(j) - 4*x(j). Is z(-16) a prime number?
False
Let x = -18598 - -28340. Let a = 57 + x. Is a prime?
False
Let t(a) be the first derivative of a**4/4 - a**3 - a**2/2 - 13*a + 24. Let h be t(3). Let n(w) = 5*w**2 + 3*w + 30. Is n(h) a composite number?
True
Let i(c) = 133*c**2 - 176*c + 3108. Is i(19) composite?
False
Let b(a) = -220*a**2 - 3*a + 1. Let f be b(-2). Let y be (48/(-18))/(3/72). Let k = y - f. Is k composite?
False
Let c = -1 - -4. Suppose -56677 = -5*w - 2*x, 22667 = 2*w - 0*w - c*x. Is w a composite number?
True
Is (1/(-4)*-2)/((-28)/(-103301408)*28) a prime number?
True
Let r be 4 - ((-100)/5)/5. Suppose -r*m + 39814 - 3750 = 0. Suppose -3*x + m = 851. Is x a prime number?
False
Let s be (-138)/(-14) - 246/287. Let x(j) = 5*j**3 - 23*j**2 + 13*j - 2. Let l(z) = -z**3 + z**2 - z - 1. Let n(k) = -3*l(k) - x(k). Is n(s) composite?
True
Suppose 0 = 4*b + 4*i - 16, 2*b + 4*i = 4*b - 32. Suppose -2*t - 36 = -b*t. Suppose 2*d - 479 = -a, -t = -2*d + 2. Is a a prime number?
False
Let a(h) = 4*h - 51. Let t be a(12). Let i be (t + 4/2 - -1)/(-2). Suppose 1827 = p - 4*y, -2*p + i*p + 3641 = 5*y. Is p prime?
True
Let g(p) be the second derivative of -p**3/3 + 57*p**2/2 - 49*p. Is g(-14) a composite number?
True
Is (-22469)/(-2)*(-23 - -25) composite?
False
Let q(t) = -20*t**3 + 36*t**2 + 29*t + 26. Is q(-20) a composite number?
True
Suppose -x + 13087 = 13*q - 14*q, 0 = 3*x + 4*q - 39296. Let y = x - 8419. Is y prime?
True
Suppose -3*n - 5*o + 7*o = -126126, 5*n + 3*o = 210191. Suppose 4*a - 158076 = -n. Is a a composite number?
False
Let k(f) = 28*f + 59. Let h be k(-2). Suppose -h*l = -0*l + 2*q - 100367, 3*q = -4*l + 133822. Is l prime?
True
Suppose -19 = -8*t - 3. Suppose 2*r = -2*m + 24, -t*m + r - 1 + 25 = 0. Suppose -m*z + 780 + 1512 = 0. Is z prime?
True
Let h = 64 - 55. Suppose h*z + z = 20. Suppose -4*i - 4*b + 2484 = 0, 0 = -i + z*b - 0*b + 627. Is i a prime number?
False
Suppose 53329 - 11201 = 2*m. Suppose -1053*r = -1045*r - m. Is r prime?
True
Let i(b) = 134*b - 41. Let t = -61 - -66. Let v be i(t). Is (-11 + v - (4 + -1)) + -4 a composite number?
True
Is (98/(-42) - (-34)/(-6)) + 225815 a prime number?
False
Let x be (5811/2)/(35/210). Suppose 19*v - 17*v = 3*a - x, -3*v = 5*a - 29036. Is a a prime number?
False
Suppose -54*n + 673680 + 8394 = 0. Is n composite?
True
Suppose 33*v + 43551 = -81*v + 121413. Is v composite?
False
Let v(s) = 3888*s**2 + 10*s - 42. Let d be v(4). Suppose -d = -20*j + 30214. Is j composite?
False
Let x = -386922 - -736659. Is x a prime number?
False
Suppose 285*w = 575*w - 301*w + 5269649. Is w composite?
True
Let j(a) = -65*a**3 - 6*a**2 - 12*a - 3. Let s(n) = 48*n**2 - 4*n + 3. Let f be s(1). Let h = f - 51. Is j(h) a composite number?
True
Suppose 5*b = b - 16, -3*o - 24 = 3*b. Let q(l) be the first derivative of 32*l**3/3 + 3*l**2 + 5*l - 2. Is q(o) a composite number?
True
Suppose 2*y + 4*y - 132 = 0. Let f = -10 + y. Is 809/4 - (-9)/f a composite number?
True
Let s = 329871 - 174544. Is s a prime number?
True
Let a(u) = -u**3 + 18*u**2 - 16*u - 2. Let n be a(17). Let h be 20/n - (-7)/((-42)/(-16)). Let b(s) = 105*s**2 - 2*s - 15. Is b(h) prime?
True
Let r = 6 - -8. Suppose r*v = 19*v - 22110. Suppose -a = 5*a - v. Is a composite?
True
Suppose -3*h + 2013191 = 4*y, -y + 196*h - 192*h = -503293. Is y a prime number?
True
Let c = -16 - -41. Suppose -c = -7*q - 11. Is (q/(-9))/1 + (-37904)/(-144) composite?
False
Suppose -6*k + 20 = 452. Suppose 0 = -4*q + 30*q - 2834. Let g = q + k. Is g composite?
False
Let m = 360 + 482. Let d = 1475 + m. Is d a composite number?
True
Let l(d) = 2*d**3 + d**2 + 5*d + 3. Let v(k) = -5*k**3 - k**2 - 11*k - 7. Let g(s) = -7*l(s) - 3*v(s). Let f be g(12). Suppose 5*m = 767 + f. Is m prime?
True
Let p = -217090 - -580809. Is p prime?
True
Suppose 2059 - 8879 = -11*j. Let z = 3335 - 1776. Let w = z + j. Is w a prime number?
True
Suppose 0 = 6*c - 39 + 21. Suppose 0 = -3*h - 4*v + 609, h - 190 = -c*v + 6*v. Is h com